-1 + (-6 + 11 - 5) - 4?
-5
What is the value of (4 + 2 + -7 - 3) + 2?
-2
4 - (-2 - -7 - (-6 + 5))
-2
-1 + -1 - (-18 - -18)
-2
Calculate 10 + (3 - 0 - 10).
3
Calculate (-8 - (8 - 26)) + -6.
4
Evaluate -3 + (-2 - (-6 + 2) - 4).
-5
Evaluate 6 - 1 - (17 - 8).
-4
-5 - -2 - (1 - 5 - -1)
0
Calculate (-2 - 11) + -3 - -9.
-7
What is 0 + (5 - -2) + -3 + 0?
4
Calculate 0 + 0 - 3 - (-1 - 1).
-1
(-9 - -4) + 5 + 4
4
What is the value of 0 + (1 + (-1 - -3) - 1)?
2
What is the value of 2 + 1 + 16 + -22?
-3
What is the value of 18 + (-3 - (4 - -4))?
7
Evaluate -7 - (-8 + 16 + -1) - -6.
-8
What is -2 - (-2 - (4 - 8))?
-4
(5 - -1) + (-5 - 2)
-1
Calculate -3 - (4 - (-6 - -9)).
-4
Calculate 8 - (21 + -9 + -13).
9
Evaluate 3 + -5 + (3 + -3 - -2).
0
What is (3 - (6 - -5)) + 0 + 4?
-4
What is the value of -1 + 5 + -8 + -1?
-5
(3 + -4 - -2) + 1 + 1
3
What is the value of 3 + -2 + -7 + 1 + -3?
-8
2 + (-2 + 1 - -3) + -1
3
Evaluate 2 + 0 + 3 + -6.
-1
What is the value of 5 + (-7 + 3 - -8 - 4)?
5
What is the value of -16 + 19 - (1 - -4)?
-2
Evaluate -40 + 36 - (-8 + 0).
4
Evaluate 2 + 1 - (-3 - (3 - 6)).
3
-6 + 1 + 3 + 6
4
What is -23 - -13 - ((3 - 2) + -2)?
-9
Evaluate -6 + 6 + -2 - -2.
0
Evaluate 3 + (1 - 2 - 7).
-5
What is -2 + (0 - 1 - -1) + 3?
1
Evaluate -1 + (-6 - (8 + -20)).
5
What is the value of -6 - (-1 + (-6 - 4))?
5
What is (-5 - (5 + -8)) + (-2 - -3)?
-1
0 - -3 - ((10 - 7) + 4)
-4
Evaluate -3 + -1 + 7 + -1 + 1.
3
What is 1 + -2 + -1 + 4 + 2?
4
Calculate (-11 - (9 - 13)) + 0.
-7
Evaluate -4 + -5 + 10 + -2.
-1
What is the value of 0 - (0 + -1) - (243 - 239)?
-3
What is 4 + (0 - 4) + 0?
0
Calculate -7 + -2 + -6 + 14.
-1
Evaluate -4 + 0 + (-5 - -2 - -4).
-3
What is the value of 4 + (5 - (15 + (1 - 4)))?
-3
What is the value of (14 - 7) + (-4 + 0 - -2)?
5
10 + -5 + (-2 - -2)
5
Evaluate -1 + 7 - 10 - -8.
4
Evaluate -6 - (-2 + 7 + -7 + 3).
-7
((-6 - -12) + -2 - 1) + -3
0
-9 + 6 + 3 + (1 - 0)
1
Evaluate 0 + -19 - -8 - -11.
0
What is the value of (-9 - 1) + (-7 - -25)?
8
-3 + -3 + 6 - -2
2
Calculate (3 - 3 - 1) + -4 + 6.
1
What is 0 - (-3 + 1) - 4?
-2
Evaluate -10 - (-8 - -21 - 22).
-1
Calculate 8 - 3 - (-3 - -3).
5
What is -1 + 1 + -6 + 9?
3
Calculate (120 - 141) + (-1 - -16).
-6
What is the value of -3 - -7 - 4 - (-9 + 11)?
-2
Evaluate 1 + (-14 + 3 - -5).
-5
Calculate 2 - (-5 - (-9 - 0)).
-2
Evaluate (-105 - -99) + (5 - 0) - 5.
-6
Calculate 0 + 10 + (-2 - 1) + -2.
5
Evaluate -1 + 12 + 3 + -8.
6
5 - ((4 - 5) + 2)
4
14 - (-43 + 44 + (0 - -4))
9
Calculate -1 - (-1 + (3 - -2)).
-5
What is the value of 0 + 1 + -4 + (81 - 86)?
-8
What is 7 - (1 - (-1 - -3 - 2))?
6
Calculate 0 + (-12 - -21) + -10.
-1
Evaluate 3 + (10 - 13) + (3 - 1).
2
What is the value of -2 - (-2 + 2 + 1)?
-3
Evaluate -5 + (2 - 7 - (-8 + 4)).
-6
What is 3 - 4 - 1 - 2 - -2?
-2
-3 - (-4 + (1 - -3))
-3
(-1 + 1 - (7 - 5)) + -2
-4
Evaluate (8 - (14 + -9)) + 2.
5
Calculate (242 - 229) + 0 + -2 + -6.
5
What is (1 - -5) + (16 - 15) + -4?
3
What is the value of 44 - 54 - (-21 - -4)?
7
What is the value of (4 + 7 - 4) + -13?
-6
Evaluate (0 - 0) + -1 + 27 + -24.
2
What is 5 - -1 - (88 - 86)?
4
What is the value of 8 + 0 - (8 + -6 - -1)?
5
Evaluate -8 - (-5 - (-1 + 1 - 2)).
-5
What is the value of (-10 - -16) + 0 - 12?
-6
Calculate (0 - 12) + -21 + 42.
9
-3 + 8 + (-1 - 5) + 2
1
Evaluate 9 - 5 - (2 - -7).
-5
Evaluate (-5 - -2) + -3 + -4.
-10
(11 - 6) + (2 - 9) + -5
-7
0 + 4 + -4 + 0
0
What is 1 + 3 - (1 + -2 + 2)?
3
Evaluate 5 - -1 - (0 - (2 - 5)).
3
What is (-6 - -1) + 20 + -18?
-3
(2 - 11) + 11 + -8
-6
-8 + 1 - (20 - 26)
-1
What is (7 - 2) + (6 - 6) + -5?
0
What is 2 + -7 + 5 + 0 + 0?
0
What is the value of -2 - -4 - (3 + -2)?
1
What is the value of -1 - 6 - (-9 - -4)?
-2
7 - ((2 - 2) + 6)
1
What is 2 + -1 - (-2 - (-4 + 3))?
2
Calculate -2 - (-4 + 10 + -13).
5
What is the value of 4 + (10 - 4 - (1 - -8))?
1
11 + (-9 - -4) + -2 + -1
3
Calculate 2 + -9 + 4 - 1.
-4
(6 - 1 - 6) + 1 + -3
-3
What is the value of 6 + -8 - (-1 + 2 + -3)?
0
What is -1 + 9 + 1 - (4 - 1)?
6
Calculate 5 + -4 + 1 - (5 + -2).
-1
What is 6 + 1 + 0 + -2?
5
What is 8 - (0 + 3) - (0 - -3)?
2
Calculate 7 + -11 + (3 - 0) + -5.
-6
What is the value of -6 - -1 - (2 + -2)?
-5
Calculate 36 + -27 + 4 + 0 + -6.
7
Evaluate -2 + 5 + -6 - 2 - 1.
-6
Evaluate -1 + (-6 - -1) + 5 + 7.
6
Evaluate -2 + 2 + (10 - 6).
4
Calculate -15 + 11 + -6 + 13.
3
50 + -48 - (8 + (-2 - -1))
-5
What is the value of (-23 - -19) + (0 - 2)?
-6
What is the value of 156 + -168 + 0 + 1?
-11
What is (-36 - -45) + (-5 - 1)?
3
Calculate -49 - -49 - (-2 + -1).
3
Calculate 5 - ((2 - 2) + -13 + 17).
1
What is (-12 - (2 + -5 - 1)) + 3?
-5
Calculate -1 + (3 - -4 - 3).
3
What is the value of -2 + (7 - 7 - -5)?
3
What is (4 - (4 + -1)) + (-3 - 1)?
-3
Calculate -9 + 0 + 4 - -7.
2
-5 - (4 + -8 + -1)
0
What is the value of -3 + 6 + -6 + -1?
-4
Evaluate -5 - (-1 + -8) - 11.
-7
Evaluate (-2 - -6) + 20 + -25.
-1
(8 - 5) + -4 + 0 + 2
1
Calculate (1 + -2 - -2) + -2 + 4.
3
What is 0 - 0 - (2 - 5)?
3
What is the value of 1 - (1 + 4) - (6 + -7)?
-3
Evaluate 1 + 4 - -1 - -1.
7
-5 + -3 + 4 + 2
-2
Evaluate 9 + (-2 + 7 - (21 + -4)).
-3
Evaluate 1 + -2 + (-4 - 0) + 8.
3
Calculate -1 - (3 + (-5 - (2 - 1))).
2
What is 2 - -4 - (-3 + 5 + 1)?
3
Evaluate 11 - (-7 + 6 - -9).
3
Calculate 3 + (-4 + 13 - 5 - 1).
6
What is (-6 - -1) + (1 + 0 - -4)?
0
Evaluate 6 + (-3 - (9 + -3)).
-3
What is (-5 - (12 - 18)) + -10?
-9
Calculate 2 + 1 - (-5 + 4).
4
5 - ((-1 - 0) + 14 + -13)
5
What is the value of -7 + 4 + -6 + 4?
-5
Calculate 7 - 13 - -3 - 1.
-4
-3 + -1 - (-3 + -6)
5
Calculate (2 - 11) + (0 - -13).
4
What is -2 - ((7 - 4) + 2 - 3)?
-4
What is -1 + 1 + 3 + (1 - -3)?
7
Calculate -14 + 15 + (-13 - -4).
-8
8 - 7 - (-6 + 5)
2
What is the value of (-8 - -6) + -12 + 7?
-7
What is the value of 0 + (-1 - -1) - (-14 - -12)?
2
Evaluate -2 + (1 - (0 - 0)).
-1
What is 5 - (-6 + -5 - (-8 + 0))?
8
-2 + (7 - 2 - 1)
2
Evaluate -5 - -2 - 1 - 1.
-5
What is the value of (6 - 4) + -7 + -3?
-8
Evaluate 1 + (5 + (-7 - -3) - 1).
1
What is the value of 3 - (-1 - (5 - 10))?
-1
-1 - (10 + -14 - 0)
3
Calculate 2 - (-3 + (11 - 5)) - -4.
3
Evaluate -7 - (-10 - 4 - (-7 - 0)).
0
Evaluate -10 + 4 + 0 + 1 - -1.
-4
Evaluate -8 - -6 - 10 - -15.
3
-3 + (-3 - (-3 - 3)) - -3
3
What is the value of (-8 - -4) + 0 + 3?
-1
What is the value of (-6 - 4) + 6 + 3 + -1?
-2
Evaluate (-2 - (-7 - 3)) + -12 - 0.
-4
Calculate (-2 - 6) + 4 - (0 - 2).
-2
Calculate (-3 - 0 - 0 - -4) + -6.
-5
What is -1 + 1 - -5 - (83 - 82)?
4
What is 3 + -2 + (2 - -1) + -8?
-4
What is the value of 1 + 1 - (-4 + (-4 - -10))?
0
Evaluate (-9 - -11) + (0 - -1).
3
-1 - (-8 - -5) - 7
-5
Calculate -123 + 123 + (-2 + -4 - -1).
-5
Evaluate -12 - -4 - (-2 - 2).
-4
Evaluate 0 - -5 - 4 - -6.
7
-7 + (2 - 1 - (-15 + 16))
-7
Evaluate -14 - (0 + -6 + -5).
-3
9 + 4 + -15 - -10
8
Evaluate (1 - (0 - 0)) + -19 + 14.
-4
Calculate 2 - (-5 + 5) - -1.
3
What is -4 + (-3 - (-6 - -7 - 0))?
-8
Evaluate (-2 - -1) + (12 - 16).
-5
What is 0 + -2 + -21 + 14 + 4?
-5
What is 3 + 1 + -9 + 7?
2
(47 - 47) + (-8 + -1 - -2)
-7
Evaluate -4 + 10 + 0 + -3.
3
-5 + 11 + -2 + (-4 - -1)
1
Evaluate -3 + 16 + -11 + -3 + -1.
-2
Calculate 0 - (3 - (5 + -5)).
-3
Calculate -4 + 1 + 3 + -2.
-2
Calculate 18 - ((0 - -23) + -12).
7
-6 - -1 - (-10 + 22 - 15)
-2
What is (-1 + 6 - (6 - -1)) + 4?
2
What is 2 - (6 + -3 + -3 + -2)?
4
(-4 - -12 - 5) + 3 + -4
2
What is -1 + (0 - 0 - -2) + -1?
0
0 + 1 - (1 - 1)
1
Calculate 7 - (2 - (1 + 1)).
7
What is (13 - (5 + -1 + 2)) + -3?
4
-2 + -2 + 5 - -5
6
Calculate 2 + 1 + -2 + 0.
1
(-1 - 2) + (5 - 2) + -2
-2
What is the value of 9 - 3 - 3 - 8?
-5
What is the value of (31 - 36) + 5 + 2?
2
Evaluate 0 - (4 + -3 + -3).
2
-4 + 1 + 0 - -4
1
Calculate 4 + (1 - 4) - (3 - 2).
0
What is 1 + -1 + -3 + 0 + 6?
3
Calculate -9 - -7 - (-6 + 3).
1
-5 + (-5 + -2 - -4)
-8
Calculate (-1 - 6) + 4 + -1.
-4
7 + 2 + (-4 - (5 - 6))
6
Evaluate 0 + (5 + -7 - -7) + -4.
1
What is the value of -7 - -7 - 4 - (-2 - 4)?
2
What is -5 - -8 - (0 - -6)?
-3
0 + 2 - (0 + (-3 - 2))
7
What is -5 + 6 + -2 + (1 - -5)?
5
9 + -3 - 2 - 7
-3
Evaluate (-2 + 1 - 2) + (0 - 2).
-5
Calculate 5 - 1 - ((-19 - -10) + 16).
-3
Calculate -5 + 11 - (6 + -3 + 0).
3
What is (-2 - -1 - 2) + -1 + 2?
-2
Evaluate 13 + -6 + (2 - 12).
-3
What is (0 - (-5 - 1)) + (-3 - -1)?
4
